rime factors of i.
7
Suppose -3*s + 30 = -12. Suppose -s = 2*y - 5*r, 3*y + r = -0*y - 55. Let p = y + 34. List the prime factors of p.
17
Let g be ((-24)/10)/(6/20). Let q = g - -8. Suppose d = -q*d + 9. What are the prime factors of d?
3
Let k(v) = -v**3 + 5*v**2 - 3*v - 4. Let a be k(3). Suppose -14 = 5*r - 3*f, 0 = -a*r + 5*f - 32 + 12. Let l = r - -7. List the prime factors of l.
2, 3
Suppose z - 2*o - 2*o - 16 = 0, -3*z + 4*o + 24 = 0. Let j(m) be the second derivative of m**3/6 + 5*m**2/2 - 3*m. What are the prime factors of j(z)?
3
Let w be (-2 - -1)/(1/(-9)). Let n = w + 11. Suppose 4*z = -z + n. What are the prime factors of z?
2
What are the prime factors of 2 - (-18 - (2 - 0))?
2, 11
Let i(j) = -4*j**2 - 4*j + 7. Let a(u) = -7*u**2 - 7*u + 13. Let b(z) = -3*a(z) + 5*i(z). List the prime factors of b(3).
2
Let y(j) = -j**3 - 8*j**2 + j - 4. Let g be y(-8). What are the prime factors of (-182)/g - (-2)/(-12)?
3, 5
Suppose 0 = -6*z + 3*z + 3. Let c(i) = 10*i**2 + 2 - 2 + 1. List the prime factors of c(z).
11
Let g(u) = -u + 8. Let y be g(5). Let z = 37 + -20. Suppose z + 16 = y*w. What are the prime factors of w?
11
Suppose -5*q = 5 - 0. Let h be q*(-3 + 13)/(-2). Suppose -h*k + 81 - 1 = 0. What are the prime factors of k?
2
Let g(x) = 6*x + 20. What are the prime factors of g(6)?
2, 7
List the prime factors of (1 - 2)/((-2)/446).
223
Let k(o) = o**2 + 17*o - 41. List the prime factors of k(-26).
193
Suppose 0 = 3*j + 8 - 77. What are the prime factors of j?
23
Let f be 20*(-10)/12*-3. List the prime factors of (-40)/f*(-55)/2.
2, 11
Let r(b) = b**3 + 2*b**2 - 3*b + 4. Let z be r(-3). Suppose 4*l = 7 + 1. Suppose 3*v = -0*c - z*c + 25, 6 = l*v. List the prime factors of c.
2
Let t(q) = -34*q - 13. List the prime factors of t(-4).
3, 41
What are the prime factors of (-36832)/(-144) + 2/9?
2
Let v be (-20)/(-2)*(-336)/15. What are the prime factors of (-2)/(-4)*v/(-8)?
2, 7
What are the prime factors of (-24860)/(-100) + (1 - (-8)/(-5))?
2, 31
Suppose 0 = w + a - 11, -2*w = w - 5*a + 7. Let v = w - 3. What are the prime factors of v?
3
Let w(h) = 2*h**2 + 6*h + 3. What are the prime factors of w(-4)?
11
Suppose -2*k - 2*b + 1 = 3, -k - 2*b = 4. Let p(i) = i**3 - 2*i**2 + i + 2. List the prime factors of p(k).
2
Let g(p) = 13*p**2 - 3*p + 2. What are the prime factors of g(2)?
2, 3
Suppose 4*x + 4*k = 128, k = -3*x - 0*x + 90. List the prime factors of x.
29
Suppose 886 = 5*q + 136. List the prime factors of q.
2, 3, 5
Let o = -17 + 11. Let j = o + 8. Suppose 0 = -j*l + 7*l - 50. What are the prime factors of l?
2, 5
Let c(d) = 6*d - 1. Let y be c(3). Suppose 5*j = -69 + 249. Let p = j - y. What are the prime factors of p?
19
Let g be -2*((-1)/2 + -1). Let o be 2/(-3) - 40/g. Let k = -5 - o. List the prime factors of k.
3
Let r = -66 - -99. List the prime factors of r.
3, 11
Let n(d) = 46*d**3 + 2*d**2 - 2*d + 1. What are the prime factors of n(1)?
47
Let b(y) = -y**2 - 6*y. Let j be b(-5). Suppose -5*v = -j*d + 70, 0 + 4 = 4*v. What are the prime factors of d?
3, 5
Let q(o) = 13*o - 9. List the prime factors of q(9).
2, 3
Let r = 2 - 2. Suppose r = -5*i + 3*v + 3, -4*i - 4*v - 1 = -3*v. List the prime factors of 6 + (i - 0 - -1).
7
Let g = 387 + -218. List the prime factors of g.
13
Suppose -23 - 8 = -b. List the prime factors of b.
31
Suppose -132 = -7*j + 274. List the prime factors of j.
2, 29
Let m(o) = o**3 - 3*o**2 + o + 3. Let h be m(3). Suppose 2*s = -s + h. Suppose -v - s*v + 21 = 0. List the prime factors of v.
7
Let a(g) = g**3 - 9*g**2 - 10*g + 2. Let r be a(10). Let i be (-58)/(-1)*r/4. Suppose -2*c = -3*n - i, -c + 14 = -0*n - 2*n. List the prime factors of c.
2
Let v = -171 + 392. What are the prime factors of v?
13, 17
Let h(t) = -16*t + 1. Let x be h(1). Let q = x + 53. What are the prime factors of q?
2, 19
Suppose 2*i - 303 = i + 4*v, 2*i - v = 606. What are the prime factors of i?
3, 101
Let x(t) = -5*t + 50. List the prime factors of x(-21).
5, 31
Suppose -d = 0, 4*y + 4*d + d - 1196 = 0. What are the prime factors of y?
13, 23
Let f(y) be the first derivative of 3*y**2/2 + y - 3. What are the prime factors of f(3)?
2, 5
Suppose 8*y + 48 = 2*y. Let k = y - -17. What are the prime factors of k?
3
Suppose 0 = 2*w - 54 - 24. Let y = w + -27. What are the prime factors of y?
2, 3
Let l be (-1 - -3 - -2) + -2. Suppose -o = -l*o. Let r = 11 - o. List the prime factors of r.
11
Suppose 2*b + 10 = -5*f, -4*f + b + 0 = -5. Let v(z) = 18 - 3*z + 2*z - 6. List the prime factors of v(f).
2, 3
Let b = 25 - 11. What are the prime factors of 8/4*b/2?
2, 7
Suppose -2*n - 2*v = 7 - 21, n - 5*v = -17. Suppose s = -n*s + 5*h + 37, 0 = s - 5*h + 2. List the prime factors of s.
13
Suppose -s = -3*l - 49, -l - 172 = -3*s - 17. What are the prime factors of s?
2, 13
Suppose 0 = 3*c - 4*l - 967, -2*c - 2*c + 3*l + 1301 = 0. List the prime factors of c.
7, 47
Let p(z) = -z**2 - 5*z - 4. Let j be p(-3). Suppose -2*x = -0*x - j. List the prime factors of (-14)/(-2)*x - 0.
7
Suppose -10*t + 5*t = -420. What are the prime factors of t?
2, 3, 7
Suppose -4*q - 2*d = -196, -5*q + 4*d + 298 = 40. Suppose p = 3*z + 20, -2*z = -3*p + 24 + q. What are the prime factors of p?
2, 13
Let i(d) = -d**2 + 21*d - 7. What are the prime factors of i(14)?
7, 13
Let z(i) = i**3 + 4*i**2 - 6*i + 2. Let c(a) = -a**2 - 1. Let l be c(-2). Let b = l - 0. What are the prime factors of z(b)?
7
Suppose 3*m + 9 - 321 = 0. List the prime factors of m.
2, 13
Suppose 0 = -3*s + s + 212. What are the prime factors of s?
2, 53
Let s be (5/(-15))/((-1)/(-6)). What are the prime factors of 15*(s - -3 - 0)?
3, 5
Let r(j) = 22*j - 4. Let f be r(6). Suppose -f = -z - 34. Suppose -z - 1 = -5*q. List the prime factors of q.
19
Let s be (4/6)/(12/(-54)). List the prime factors of (75/(-9))/(1/s).
5
List the prime factors of ((-48)/(-60))/(4/170).
2, 17
Let r(c) = c + 48. What are the prime factors of r(0)?
2, 3
Let y = 7 - 4. Suppose 0 = -2*t + 5*t + y*q - 6, 4*t - 6 = -5*q. Let x(n) = n**3 - 2*n**2 - 4*n - 2. List the prime factors of x(t).
2, 7
Let c = -185 + 400. What are the prime factors of c?
5, 43
Let x be -8*(21/(-18) - 4/(-6)). Suppose -2*s - 14 = m + m, -s = -2*m - 8. Let y = s + x. What are the prime factors of y?
2
Let o(l) = -8*l + 40. What are the prime factors of o(-8)?
2, 13
What are the prime factors of 31 - (1 + 0 + 2)?
2, 7
Let q(p) = -6*p - 6*p + 6*p. Let d be q(4). List the prime factors of (6/(-2))/(9/d).
2
Let q = 141 - -25. List the prime factors of q.
2, 83
Let y be 3 - 6/2 - 0. Let f(q) = q**2 + 3. List the prime factors of f(y).
3
Suppose -35 + 7 = 4*a. Let m(x) = x**2 - 1. List the prime factors of m(a).
2, 3
Suppose -2*l + 0*d + 3*d = -43, 3*l = -d + 92. List the prime factors of l.
29
Suppose 26 = 2*q - 4*z, -q + 5*z + 1 = -15. List the prime factors of q.
11
Suppose 7*c - 53 = -4. List the prime factors of c.
7
Let s(v) be the first derivative of v**4/4 + 17*v**3/3 + 7*v**2 + 10*v - 6. List the prime factors of s(-16).
2, 3, 7
Let h(d) = 22*d - 23*d + 2 - d**2 + 0*d**2. Let q be h(-2). Suppose q = 4*t + 5*v - 46, 2*t + 2*v - 10 = t. List the prime factors of t.
2, 7
Let j = -10 + 14. Suppose -57 + 1 = -j*t. What are the prime factors of t?
2, 7
Let c(k) = k**2 + k. Let l be c(-2). Suppose 2*z = -5*v + 58, 0 = -l*v + 3*z + 2*z. What are the prime factors of v?
2, 5
Let u = -38 + 107. List the prime factors of u.
3, 23
Let r(w) = -w**3 + 6*w**2 + w - 6. What are the prime factors of r(5)?
2, 3
What are the prime factors of (1/(-2))/((-165)/(-166) + -1)?
83
Suppose 3 + 42 = l. What are the prime factors of l?
3, 5
Let v(u) = u**3 - 7*u**2 + 5*u + 7. Let n be v(6). Let j be n*(2 + -2) + 1. What are the prime factors of 8/3*(2 + j)?
2
Let c(n) be the second derivative of 2*n + 0 - 1/6*n**3 + 3/2*n**2. What are the prime factors of c(-3)?
2, 3
Let l(k) = k**2 + 10*k - 8. Let x(z) = 2*z**2 + 21*z - 16. Let d(o) = -9*l(o) + 4*x(o). What are the prime factors of d(-6)?
2
Let c be (0 - (-3 + 2))*-21. Let a = c + 37. Suppose 0*d = d - a. What are the prime factors of d?
2
Let p(y) = y + 9. Let o be p(-7). Let g(f) = -f**o + 0 - 8 + 10*f + 2. List the prime factors of g(4).
2, 3
Let g(k) = -7*k**2 - 4*k + 4. Let b(u) = -2*u**2 - u + 1. Let n(h) = -9*b(h) + 2*g